. What are the prime factors of q?
2, 7
Let r(y) = -4*y**3 + 5*y**2 + 3*y + 17. Let f(j) = j**3. Let g(m) = -3*f(m) - r(m). What are the prime factors of g(8)?
151
Let a(u) = -5 + 3 + 8*u - 4. Let r be a(4). Let j = r + -15. What are the prime factors of j?
11
Let j = -30 + 45. Suppose 0*i - 5*i + j = 0. What are the prime factors of i?
3
Suppose 2*f - 2*g = 1568, 1273 + 1074 = 3*f + 2*g. What are the prime factors of f?
3, 29
Let t(s) = 116*s**2 - 19*s + 54. What are the prime factors of t(3)?
3, 347
Suppose -7*s + 2*d = -4*s - 12730, -4*d - 8492 = -2*s. List the prime factors of s.
2, 3, 7, 101
Suppose 19*c + 5736 = 25*c. What are the prime factors of c?
2, 239
Let l(j) = -5 - 1 + 38*j + 3*j + 51*j. List the prime factors of l(3).
2, 3, 5
Suppose -8*i = -1083 - 2797. List the prime factors of i.
5, 97
Let f(j) = -2*j - 1. Let h be f(-5). Suppose 3*r + k + 16 = 5*k, -3*r - 4*k = 8. What are the prime factors of (h - 5)/(r/(-46))?
2, 23
Suppose 58*k - 30 = 53*k. What are the prime factors of (236/k)/((-28)/(-42))?
59
Suppose 5*j - 18 = v, -j - 2 - 2 = -4*v. Let o be -3 - (-6 - -1 - v). Suppose -5*b - 79 = -3*m, 0 = o*m - 4*b + 8*b - 52. List the prime factors of m.
2, 3
Suppose 0 = -9*y + 5*y - 228. Let a = y - -105. List the prime factors of a.
2, 3
Let x = -96 + 4. Let c be 12/54 - x/(-9). What are the prime factors of 474/10 + 4/c?
47
Let w = 471 + 170. What are the prime factors of w?
641
Let h be (-2)/(-3) + (-194)/3. Let i be (2 - (-3 - h))/(-1). Let w = 83 - i. What are the prime factors of w?
2, 3
Suppose 0 = -5*o + 4*h + 45, -5*h + h - 5 = 3*o. Let k = -2 + 5. Suppose 26 = -0*t + 5*t - 2*i, 0 = -k*t + o*i + 27. What are the prime factors of t?
2
Let v(n) = -11*n - 21. Let l = -15 - -5. List the prime factors of v(l).
89
Suppose 20 = -4*l - 0*l. Let g be -4 - l/(20/96). Suppose 4*m - 148 = -g. List the prime factors of m.
2
Let h(m) = -m - 1. Let w(r) = 17*r + 5. Let o(s) = -6*h(s) - 2*w(s). List the prime factors of o(-1).
2, 3
Let q = -55 - -61. Suppose 2145 = q*g + 5*g. What are the prime factors of g?
3, 5, 13
Let c = 4698 + -2655. List the prime factors of c.
3, 227
Suppose -20 = -4*j - 0*j + 3*i, -3*i = -j + 14. Suppose z - 44 = 3*l - 372, j*l = 5*z + 236. What are the prime factors of l?
2, 3
Let w(s) = 40*s**2 + s. Let c be w(-2). Let l = 112 - c. Let h = -20 - l. List the prime factors of h.
2, 13
List the prime factors of (((-8)/6)/(-2))/((-176)/(-242616)).
919
Suppose 4*p - 16 = 5*p - 3*j, -5*j + 43 = -4*p. Let c = p + 55. What are the prime factors of c?
2, 3
Let f = 3797 + -1994. What are the prime factors of f?
3, 601
Suppose -2*b = -8*d + 4*d + 134, -5*d - 5*b + 130 = 0. Suppose 3*o = v - 143 + d, 2*v - 187 = 5*o. Let z = o + 82. List the prime factors of z.
3, 5
Let z(u) = 2*u**2 + 24*u - 148. What are the prime factors of z(20)?
2, 283
Let m be (45/(-12) + -2)*-12. Let b = m - 10. Let x = -23 + b. What are the prime factors of x?
2, 3
Let k = 1452 + -381. List the prime factors of k.
3, 7, 17
Let n(y) = -16*y + 10 - 2*y + 3*y**2 + 9*y. What are the prime factors of n(5)?
2, 5
Suppose -25 = 5*s + 5. What are the prime factors of s/4*748/(-33)?
2, 17
Let p(d) = d - 11. Let x be p(13). Suppose -x*t = -49 + 19. What are the prime factors of -33*(4 - 80/t)?
2, 11
Suppose -5*y + 868 = -4*f, 5*f - 2*f + 695 = 4*y. Suppose 5*j - y = -46. List the prime factors of j.
2, 13
What are the prime factors of (-582)/(3/(-3)) + -2?
2, 5, 29
Let k be (-2269)/(-5) - 6/(-30). Suppose 3*r + 8 = -k. What are the prime factors of 2/4 + r/(-4)?
3, 13
Suppose -4*h = 5*h - 1071. Suppose c + 262 = 2*r, 0 = r - c - 14 - h. What are the prime factors of r?
3, 43
Let v = 8 + -4. Let g = -38 - -40. Suppose -2*f - g*f = -5*n - 92, -2*n + 120 = v*f. List the prime factors of f.
2, 7
Let z(k) = k**3 - k**2 - k + 8. Let w be z(0). Let p = 1 + w. List the prime factors of p.
3
Let k(n) = -n**3 - 12*n**2 + 40*n + 23. What are the prime factors of k(-16)?
11, 37
Suppose -2*d - 3*l = -20, -2*l = 5*d - 0*d - 50. Suppose -2*k + 3*r = 6*r, 5*k + 5*r = 10. List the prime factors of k/d - (-152)/5.
31
Suppose w - 55 = 2*j - 916, -5 = w. List the prime factors of j.
2, 107
Suppose -4*t + 28 = 5*p, -3*t - 3*p = -0*p - 18. Suppose -2*a = 5*l - 369, 165 = -t*l + 4*l - 5*a. What are the prime factors of l?
3, 5
Suppose -5*b + v + 840 + 1136 = 0, -5*b = 3*v - 1992. List the prime factors of b.
2, 3, 11
Suppose 6*k = k. Suppose k*c + 368 = 2*c. Suppose 0 = 6*x - 2*x - c. What are the prime factors of x?
2, 23
Let s(h) = -4*h + 36. Let y be s(9). Suppose -2*g = -a - 7*g - 20, 3*a + 2*g = -8. Suppose y = -a*n + n - 3. What are the prime factors of n?
3
Let b(z) = -3*z**3 + 2*z**2 + 3*z + 1. Suppose -2*i - 2*c = -5*c - 5, 3*i - 4*c = 6. List the prime factors of b(i).
3
Let f(g) = 3*g + 15. Suppose 4*o = 13 - 41. Let x be f(o). What are the prime factors of (-46)/x + 2/(-3)?
7
Let f = 88 - 19. List the prime factors of f.
3, 23
Suppose -4 = u - 3*t, -3*u = -u - 2*t. Suppose -4*z + 125 = -3*y - 114, 3*y - 133 = -u*z. What are the prime factors of z?
2, 31
Let w = 1383 - -651. What are the prime factors of w?
2, 3, 113
Let c(f) = -f**3 + 9*f + 222. What are the prime factors of c(-14)?
2, 5, 71
Suppose g = 2*r + 238 + 148, 2*g + r - 752 = 0. List the prime factors of g.
2, 3, 7
Let k = 4804 - 2120. What are the prime factors of k?
2, 11, 61
Let y(w) = 2*w**2 - 33*w - 32. Let u be y(20). Let q = u - -127. List the prime factors of q.
5, 47
Suppose 4*y = 5*b + 12601, 4*y - 8508 = 2*b + 4102. What are the prime factors of y?
2, 19, 83
Suppose -5*d + 10 = 0, -458 = f + f + 2*d. Let i = f - -346. List the prime factors of i.
5, 23
Suppose -239*f + 2146 = -238*f. What are the prime factors of f?
2, 29, 37
Let r be (-46)/(-6) + (-1)/(-3). Suppose 0 = -3*o + r*o - 35. What are the prime factors of o?
7
Let z = 212 - 90. List the prime factors of z.
2, 61
Suppose -3*s - 36 = -2*g + 3, -2*g + 4*s = -44. What are the prime factors of 105*((-4)/(-12))/(4/g)?
3, 5, 7
Let x = -1579 + 6075. List the prime factors of x.
2, 281
Let m(i) = 5*i**2 - i + 1. Let k be m(1). Suppose -5 = h - s, 2 = k*h + 4*s - 0. What are the prime factors of -6*(0/h - 3)?
2, 3
Let d(k) = k**3 + 8*k**2 - 14*k - 1. Let h = -10 + 3. List the prime factors of d(h).
2, 73
Let x(j) = 2*j + 8*j + 6 + 2*j. What are the prime factors of x(6)?
2, 3, 13
Suppose 5*f = 3*h - 11, -2*h = 2*f - 0*f - 2. Suppose -7*v = -h*v - 45. List the prime factors of 4 + -1 + v + -5.
7
Let y(s) = 11*s**2 + 33*s + 10. Suppose -4*m = -6 + 30. What are the prime factors of y(m)?
2, 13
Let k = 183 - 119. Let m = k + -21. List the prime factors of m.
43
Suppose -3*o = 4*i - 0*o + 763, 0 = -4*i + 3*o - 733. Let j = -120 - i. List the prime factors of j.
67
Let k be (-94)/(-18) + (-14)/63. Suppose -2*p + k*q = -65 - 2, 3*q - 183 = -5*p. What are the prime factors of p?
2, 3
Let i be (36/(-8))/((-1)/(-2)). Let r = 4 + i. Let a = -1 - r. List the prime factors of a.
2
Suppose 7*g - 77 = 35. Let s = 129 - g. List the prime factors of s.
113
Let l = 1034 - 717. What are the prime factors of l?
317
Suppose 2*s - 3 = 17. Suppose 0 = 2*d - 2*p - s, -2*d + 3*p = 2*d - 18. List the prime factors of 17/d + 4/12.
2, 3
Suppose 2*v - 17 = -v - n, 5*v + 2*n - 30 = 0. What are the prime factors of 1/((-8)/(-54))*v?
3
Suppose -8*a + 3*a + 570 = 0. Let k = 192 - a. List the prime factors of k.
2, 3, 13
Let a(u) = -u**2 + u - 5. Let n be a(0). Let y(i) = 6 - 29*i + 9*i + 17*i. List the prime factors of y(n).
3, 7
Suppose -1 = -2*t - 3. Let i(k) = -k**3 - 10*k**2 - 10*k - 6. Let u be i(-9). List the prime factors of (-4 + u - t) + 27.
3
Suppose -p + 7 = 2. Suppose 4*f = 3*l - 0*l + 119, l + p = 0. List the prime factors of f.
2, 13
List the prime factors of 812 + (-7)/(-42) + (-5)/(-6).
3, 271
Let c(j) = 31*j + 25. Let f(s) = 10*s + 8. Let x(z) = -3*c(z) + 8*f(z). What are the prime factors of x(-7)?
2, 5
Let v = -8206 + 11576. What are the prime factors of v?
2, 5, 337
Suppose -4*n + 2516 = -4*k, -14*k = -11*k + 6. What are the prime factors of n?
3, 11, 19
Let q(c) = 2*c**3 + 92*c**2 - 60*c + 139. List the prime factors of q(-46).
13, 223
What are the prime factors of ((-45)/(-27))/(6/8676)?
2, 5, 241
Suppose -2*v = 2*v - 460. Suppose 5*h + 6*j - 2*j - v = 0,